5 - -5) + -10.
-9
Evaluate (-5 - -4 - (-2 - 8)) + (102 - 106).
5
Evaluate 727 + -697 + 2 + -50.
-18
What is the value of 8 + -3 + (3 - 6) + 3?
5
Calculate 0 - -4 - ((-11 - -22) + -4).
-3
What is the value of 23 - 8 - -9 - (-6 + 8 + -8)?
30
-7 + 1 + 5 - (-124 - -125)
-2
What is the value of 7 + 2 - (36 - (-7 + 4))?
-30
Calculate (-5 - (24 + -22)) + -6.
-13
What is 7 - 16 - ((-14 - (5 + -12)) + 19)?
-21
Calculate 1 + -13 + (174 - 174).
-12
What is the value of 144 + -122 - (-4 + 2)?
24
Evaluate 34 + 25 + -52 - 34.
-27
Evaluate (1 - 14) + 0 + -4 + 0 + 1.
-16
What is -10 + 27 + -18 - -2?
1
Evaluate 49 - (8 - -8 - 2) - 9.
26
Calculate 11 - (7 - (-13 + -6 + 37)).
22
-4 - (11 + (-6 - -8) + -5 + 1)
-13
What is the value of (8 - (-10 + 3 + 26)) + 1?
-10
Calculate (17 - (-3 - -14 - -8)) + (1 - -7).
6
What is ((8 - -1) + (-3 - 2) - 20) + 6?
-10
-2 - (-2 - 2) - (-24 - (-16 - 2))
8
13 - (8 - (13 - (8 + -3) - 3))
10
What is 16 + (0 - 8) + -3 + 6?
11
What is 2 + -14 - (4 + 14)?
-30
What is the value of (-22 + (13 - 3) - -3) + 14?
5
(28 - 15) + -3 + 0 + 1
11
Calculate -11 - ((-2 - 1) + (0 + -2 - -7)).
-13
Calculate 0 - (18 + (-9 - 0) - (2 + 1)).
-6
Calculate 8 + (-10 - (-2 - -8)).
-8
Evaluate (10 - -18 - 12) + -17.
-1
Calculate -3 + (0 - -5) - 9 - (3 + -1).
-9
(12 - -2) + (13 + -16 - -5)
16
Evaluate -565 + 554 + (0 - -17).
6
Evaluate 10 + -26 + 1 + 0 + -4.
-19
Evaluate (2 - 12) + (7 - 8) + 32.
21
What is -18 + 18 - (17 + 6)?
-23
What is the value of 6 - (-10 - -5 - -13) - (-1 - 12)?
11
14 - (11 - (4 + 7))
14
Evaluate (-4 - (-1 + -4)) + 5 - (0 + -5).
11
What is 14 + (-46 - -27) - 9?
-14
(53 - 70) + 0 + -3 + 6
-14
Evaluate 16 + (-17 - -31 - (5 + 43)).
-18
Calculate 8 - ((7 - 14) + (-1 - -10)).
6
What is the value of -19 - (4 + -8 - -12)?
-27
What is the value of (2 - 5) + 4 - ((-2 - -5) + 1)?
-3
-1 - 7 - (-5 + 0 + (-20 - -30))
-13
What is (-12 + -2 - -12) + 5 + 4 + -2?
5
-34 + 17 + 4 + 3 + 19
9
-28 + 13 - (-5 - -14)
-24
What is the value of -7 + (1 - ((-2 - -3) + -1))?
-6
What is -8 - (0 + -6 + 12 + -4 + 12)?
-22
What is -2 + 0 + 4 - (31 + -38)?
9
Evaluate -19 - (12 - (20 + -8 + -6)).
-25
11 + -13 + 1 + 8
7
What is -10 + 14 + -11 + 14?
7
What is the value of -577 + 582 - (2 + -1)?
4
24 + -18 - (0 + -18)
24
(-23 - (9 - 6)) + -8 - -5
-29
Calculate 2 + 18 + (-1 - 18) + 13 + -1.
13
What is the value of 6 + -1 - (7 - -15 - 24) - -14?
21
What is (1 - 4 - -10) + 2 + -11?
-2
(-10 - -13) + 3 + -2 + 1 + 3
8
Evaluate (-5 - -19) + -2 + (8 - 3) + 0.
17
What is -9 - (7 - (-1 - -4) - 6) - -4?
-3
What is -3 + 2 - (-7 + (-11 - -17)) - -21?
21
-6 - -1 - (-16 + 5 + 10)
-4
Evaluate (-15 - -5) + (-7 + -2 - -3).
-16
Calculate -14 - (-3 + -16) - -12.
17
What is the value of (41 + -13 - 46) + 30?
12
Calculate -18 + (48 - 20) - (-7 - -9).
8
What is the value of 15 + -12 + 1 + 57 + -52?
9
5 - (-10 - (-5 + 3) - -3)
10
3 + 7 - (-20 + 60 + -40)
10
-9 - (73 + -79 - (12 + -2))
7
Calculate 0 + -5 - (1 + -9).
3
What is -10 - ((5 - 1) + (-18 - -4))?
0
What is 8 + (18 - (15 + 4)) + 1 + 10?
18
What is the value of (10 - -1 - (14 + 16 + -16)) + 5?
2
(-4 + (-3 - -3) - 9) + (47 - 44)
-10
Evaluate 38 - (69 + 24 + -68).
13
What is the value of 2 - (12 + -16 - 6 - -5)?
7
Evaluate (176 - 195) + (2 - (3 - -2)).
-22
What is -29 - (2 + -2 + (5 - (2 + 13)))?
-19
Evaluate -9 - (-37 + 5 - -12 - (5 - -4)).
20
Evaluate -13 - (-2 + -7 - (9 + -4 + -11)).
-10
Calculate -15 - (13 + -2 + 1 + -48).
21
Evaluate 4 - (1 + -11 + 5) - 18.
-9
Calculate (0 - 1) + (1 - (-14 + 22)).
-8
Evaluate (11 - 2 - 5) + 4 + 4 + 1.
13
What is 15 + -24 + 22 + -27 - 3?
-17
What is the value of -1 + 1 - (30 + -40 + 15)?
-5
What is the value of (-2 - -15) + -9 + (4 - 13) + 21?
16
What is -13 + (7 + 1 - 3)?
-8
-7 + (5 - (2 + -10 - 5))
11
What is -2 - (-2 + (-2 - -3) - (1 + 0))?
0
Evaluate -15 + 1 - ((-11 - (13 - 20)) + 2).
-12
1 + 0 - (3 + -36 + 27)
7
What is 11 + 0 + -8 + (9 - (17 + -18))?
13
What is -2 + -4 + 2 + 1 - 9?
-12
What is the value of (3 - (0 - -9 - 1)) + -2 + 8?
1
Evaluate (-1397 - -1405) + (1 + -6 - 1).
2
What is the value of -15 + (-9 - (-18 + 0 + -8 + 9))?
-7
What is the value of -4 - 21 - (-8 - (0 + 5))?
-12
Calculate (-1 - -25) + 0 + 2 + -28 + 26.
24
10 + -36 + 17 - (4 + -2)
-11
2 + -1 + 14 - (-1935 - -1939)
11
Calculate -1 + -2 + 200 + -190 + -29.
-22
Calculate 2 - 27 - (348 + -401).
28
Calculate -516 - -539 - (1 - 6 - 3).
31
What is -5 + 24 + (12 - 28)?
3
Calculate (-54 - -22) + 11 - -10.
-11
(3 - -18 - 2) + 6 + -6 + -6
13
Evaluate -17 - (2 + -8 + 15 + 6).
-32
Evaluate 0 + (5 + -1 + -10 - -20).
14
What is (29 - 14) + 2 + -26 + -9?
-18
Calculate 1 + 1 + -2 + 132 + -146.
-14
What is (3 + (-6 - -6) - 4) + (-4 - -16)?
11
Calculate (3 - 7) + 5 + 1 - (24 - 6).
-16
What is the value of -123 - -134 - (-2 - -17)?
-4
What is (21 - (-16 - -13)) + -2?
22
Evaluate (-1 - 9) + (11 + -1 - (-31 - -41)).
-10
What is the value of -3 + 4 + 3 - ((-1 - 9) + 8)?
6
What is 0 - (21 + 2) - (320 - 326)?
-17
What is the value of (9 - (3 - 3) - 17) + 18?
10
Calculate -1 + 9 + (-26 - 1).
-19
Calculate (-6 - -1) + (-24 - (-4 - 10) - -3).
-12
Calculate 6 - (-5 - (6 + -6 + -1 + 3)).
13
What is the value of -3 + 7 + (2 - 6) + -2?
-2
(5 - (24 + -12)) + 5
-2
Evaluate -16 - (-2 + (-5 - 10) - -8).
-7
Evaluate (-8 - -2) + (-16 - -20) + -3.
-5
116 - 96 - (-3 - -26)
-3
Calculate (12 - 1) + -50 + 48 - 0.
9
What is the value of -27 + 11 - (-29 - 2)?
15
Calculate 7 + -5 + (33 - 25).
10
What is -2 - (20 - (4 - 1 - (-6 - -2)))?
-15
What is the value of -65 - -76 - (5 + 5)?
1
What is the value of 6 + -3 + (-9 - -8) - -3?
5
Calculate -2 + 9 + 3 + -6 + -14 + 0.
-10
Calculate -10 - (1 + -4) - (-12 + 11 + 9).
-15
What is (29 - 57) + 19 + (-3 - -6)?
-6
(-22 + 55 - 43) + 24
14
What is the value of -93 + 80 - (-2 - (7 + -2 + -1))?
-7
Calculate -20 - (41 + -51 - -26).
-36
What is -15 + -5 + 35 - (4 - 13)?
24
Evaluate -8 - (7 + 1 + -2 - (-11 + 31)).
6
-3 + -4 + (7 - -9)
9
Evaluate -8 + -5 + (-4 - (-11 + -4)) + -8.
-10
What is the value of -42 + 38 + (3 - 0) + -2 - -15?
12
(1 + 3 + 6 - 14) + 7 + -1
2
Calculate (6 - 1) + -1 + (-3 - (14 + -3)).
-10
What is the value of 14 - 2 - (6 + -21 - -35)?
-8
Calculate 2 - -6 - -30 - (-6 + 8 + 8).
28
What is -519 + 538 - (-2 + 24)?
-3
What is 22 + -25 - (8 + 0)?
-11
5 + -12 + 18 + 10 + -4
17
Evaluate 9 - (-24 + (21 - 3)).
15
What is the value of 1 + 5 + -17 + -6 + 11 + -6?
-12
(-7 + 0 - (7 - 20)) + 2
8
Evaluate 64 + -40 + -38 - (-7 + 1 + -2).
-6
Calculate -32 + -48 + 56 + 2 + 0.
-22
Evaluate (48 - 76) + (6 - -6).
-16
What is the value of -17 + 10 + (2 - 2) - -19?
12
What is 22 - 22 - (18 - (7 + -1 - -1))?
-11
Calculate -15 - (22 + -10 + -18).
-9
What is -5 + (14 - 5) + 8 - (3 - 2)?
11
Calculate 11 + -18 + 6 - 6 - -5.
-2
What is -6 - (25 + -8 + 6)?
-29
What is -5 - (-24 + 25 + -34)?
28
-5 - (-7 + 5) - (-10 - 3)
10
-1 + (14 - 2) + -25 + 12
-2
Calculate (89 - 118) + (-2 - (4 + (-3 - 10))).
-22
Evaluate 27 + -24 - (-2 - -6 - 1 - -6).
-6
Evaluate -553 + 549 - (-1 + 0 - (-21 - 0)).
-24
What is (14 - 41) + 47 - 32?
-12
0 + 5 + (6 - (14 + -11 - -8))
0
-7 + (-4 - (-5 - -3)) + 21 - 5
7
(-23 - -42) + 7 + -14
12
-9 - ((-2 - -4 - 3) + -6 + 5)
-7
What is (3 - (-7 - -13)) + -11 + 4 + 3?
-7
Evaluate (-2 + 2 + (-27 - -24) - 8) + -3.
-14
Calculate (2 - (7 - 21)) + 0.
16
-8 + 17 + -2 + 5
12
What is -51 - -47 - (4 - 3)?
-5
Evaluate -19 - -23 - (4 - -6).
-6
-6 + 0 + 5 + (2 + 1 - -5)
7
Calculate -31 - (3 - 12 - ((8 - 0) + -9)).
-23
What is (-12 - 1) + 77 + (-20 - 37)?
7
Calculate 19 + (-1 - (-6 + 3 + -4 + 10)).
15
Evaluate -3 - 21 - -10 - 4.
-18
Calculate (1 - -17) + -16 + (-2 - -7).
7
What is the value of 3 - 5 - 1 - (-5 + -8)?
10
What is the value of -10 - -48 - 23 - 24?
-9
What is the value of 4 - (6 - ((-8 - 5) + 15 + -6))?
-6
What is the value of 31 - ((7 - 12) + 19)?
17
What is the value of 5 - ((0 - 3) + (6 + 2 - 13))?
13
Evaluate (1 - 1) + (-7 + 15 - 9).
-1
11 - 1 - (-10 + 7 - -11) - 22
-20
What is the value of 14 - (-13 - (-17 + -1))?
9
-13 + 12 + -9 - -23 - -3
16
Evaluate (-20 - -17) + (6 - 12).
-9
What is the value of -6 + 5 + (8 - 1) - -5?
11
What is (15 - ((-2 - 16) + 41)) + -20?
-28
What is -37 - -30 - (0 + 2 + 10 + -38)?
19
(3 - -2 - (-40 - -35)) + (-21 - 0)
-11
Calculate (7 + (-3 - 10) - 9) + 5.
-10
Evaluate -15 + (6 - -27) - -8.
26
Evaluate (